{"id":1618,"date":"2024-11-21T14:43:41","date_gmt":"2024-11-21T13:43:41","guid":{"rendered":"https:\/\/cisco.inf.unideb.hu\/?page_id=1618"},"modified":"2024-11-22T12:34:07","modified_gmt":"2024-11-22T11:34:07","slug":"ccna-vallalati-halozatok-biztonsag-es-automatizalas","status":"publish","type":"page","link":"https:\/\/cisco.inf.unideb.hu\/?page_id=1618","title":{"rendered":"CCNA: V\u00e1llalati h\u00e1l\u00f3zatok, biztons\u00e1g \u00e9s automatiz\u00e1l\u00e1s"},"content":{"rendered":"\n<p>Tudtad, hogy az internetre csatlakoztatott eszk\u00f6z\u00f6k sz\u00e1ma 2030-ra v\u00e1rhat\u00f3an el\u00e9ri az 50 milli\u00e1rdot? Vil\u00e1gszerte az emberek nap mint nap a h\u00e1l\u00f3zatokra, \u00e9s az azt m\u0171k\u00f6dtet\u0151 szakemberekre t\u00e1maszkodnak.<br><br>Vedd kezedbe a karriered ezzel a h\u00e1rom tanfolyamb\u00f3l \u00e1ll\u00f3 sorozattal, \u00e9s k\u00e9sz\u00fclj fel olyan bel\u00e9p\u0151 szint\u0171 munkak\u00f6r\u00f6kre, mint a h\u00e1l\u00f3zati adminisztr\u00e1tor, a rendszergazda vagy a h\u00e1l\u00f3zati m\u00e9rn\u00f6k. A tanfolyam elv\u00e9gz\u00e9se ut\u00e1n k\u00e9szen \u00e1llsz a Cisco Certified Network Associate (CCNA) min\u0151s\u00edt\u0151 vizsga let\u00e9tel\u00e9re, amely egy olya, az ipar\u00e1g \u00e1ltal elismert tan\u00fas\u00edtv\u00e1ny, amely igazolja szakmai ismereteidet. A CCNA min\u0151s\u00edt\u00e9s megszerz\u00e9se seg\u00edt abban, hogy a munk\u00e1ltat\u00f3k sz\u00e1m\u00e1ra kit\u0171nj a t\u00f6bbi jelentkez\u0151 k\u00f6z\u00fcl, \u00e9s megszerezd a k\u00f6vetkez\u0151 \u00e1ll\u00e1sod.<br><br>A CCNA: V\u00e1llalati h\u00e1l\u00f3zatok, biztons\u00e1g \u00e9s automatiz\u00e1l\u00e1s a harmadik \u00e9s egyben utols\u00f3 tanfolyam ebben a h\u00e1rom r\u00e9szb\u0151l \u00e1ll\u00f3 sorozatban. A kurzus seg\u00edts\u00e9g\u00e9vel elsaj\u00e1t\u00edthatod azokat az ismereteket, amelyek ahhoz sz\u00fcks\u00e9gesek, hogy h\u00e1l\u00f3zati rendszergazdak\u00e9nt vagy m\u00e9rn\u00f6kk\u00e9nt boldogulhass. A tanfolyam a v\u00e1llalati h\u00e1l\u00f3zatok tervez\u00e9s\u00e9vel, biztons\u00e1g\u00e1val, \u00fczemeltet\u00e9s\u00e9vel \u00e9s hibaelh\u00e1r\u00edt\u00e1s\u00e1val kapcsolatos architekt\u00far\u00e1kat \u00e9s szempontokat mutatja be. Megismerheted tov\u00e1bb\u00e1 a nagy kiterjed\u00e9s\u0171 h\u00e1l\u00f3zati (WAN) technol\u00f3gi\u00e1kat, a szolg\u00e1ltat\u00e1smin\u0151s\u00e9gi (QoS) mechanizmusokat \u00e9s a szoftveralap\u00fa h\u00e1l\u00f3zati (SDN) koncepci\u00f3kat.<\/p>\n\n\n\n<div id=\"wp-block-themeisle-blocks-advanced-columns-cfd57837\" class=\"wp-block-themeisle-blocks-advanced-columns has-1-columns has-desktop-equal-layout has-tablet-equal-layout has-mobile-equal-layout has-vertical-unset\"><div class=\"wp-block-themeisle-blocks-advanced-columns-overlay\"><\/div><div class=\"innerblocks-wrap\">\n<div id=\"wp-block-themeisle-blocks-advanced-column-e9abc813\" class=\"wp-block-themeisle-blocks-advanced-column\">\n<h4 class=\"wp-block-heading\"><strong>Amir\u0151l tanulni fogsz:<\/strong><\/h4>\n<\/div>\n<\/div><\/div>\n\n\n\n<figure class=\"wp-block-table is-style-stripes\"><table class=\"has-fixed-layout\"><tbody><tr><td><strong>01. modul:<\/strong> Egyter\u00fclet\u0171 OSPFv2-alapfogalmak<\/td><\/tr><tr><td><strong>02. modul:<\/strong> Egyter\u00fclet\u0171 OSPFv2 konfigur\u00e1l\u00e1sa<\/td><\/tr><tr><td><strong>03. modul:<\/strong> H\u00e1l\u00f3zatbiztons\u00e1gi fogalmak<\/td><\/tr><tr><td><strong>04. modul:<\/strong> ACL alapfogalmak<\/td><\/tr><tr><td><strong>05. modul:<\/strong> Az IPv4-es ACL be\u00e1ll\u00edt\u00e1sa<\/td><\/tr><tr><td><strong>06. modul:<\/strong> IPv4-c\u00edmford\u00edt\u00e1s<\/td><\/tr><tr><td><strong>07. modul:<\/strong> WAN alapismeretek<\/td><\/tr><tr><td><strong>08. modul:<\/strong> A VPN \u00e9s az IPsec alapfogalmai<\/td><\/tr><tr><td><strong>09. modul:<\/strong> A QoS alapfogalmai<\/td><\/tr><tr><td><strong>10. modul:<\/strong> H\u00e1l\u00f3zatfel\u00fcgyelet<\/td><\/tr><tr><td><strong>11. modul:<\/strong> H\u00e1l\u00f3zattervez\u00e9s<\/td><\/tr><tr><td><strong>12. modul:<\/strong> H\u00e1l\u00f3zati hibaelh\u00e1r\u00edt\u00e1s<\/td><\/tr><tr><td><strong>13. modul:<\/strong> H\u00e1l\u00f3zatvirtualiz\u00e1ci\u00f3<\/td><\/tr><tr><td><strong>14. modul:<\/strong> H\u00e1l\u00f3zatautomatiz\u00e1l\u00e1s<\/td><\/tr><\/tbody><\/table><\/figure>\n","protected":false},"excerpt":{"rendered":"<p>Tudtad, hogy az internetre csatlakoztatott eszk\u00f6z\u00f6k sz\u00e1ma 2030-ra v\u00e1rhat\u00f3an el\u00e9ri az 50 milli\u00e1rdot? Vil\u00e1gszerte az emberek nap mint nap a h\u00e1l\u00f3zatokra, \u00e9s az azt m\u0171k\u00f6dtet\u0151 szakemberekre t\u00e1maszkodnak. Vedd kezedbe a &#8230;<\/p>\n","protected":false},"author":18974,"featured_media":0,"parent":0,"menu_order":0,"comment_status":"closed","ping_status":"closed","template":"template-fullwidth.php","meta":{"_themeisle_gutenberg_block_has_review":false,"footnotes":""},"class_list":["post-1618","page","type-page","status-publish","hentry"],"_links":{"self":[{"href":"https:\/\/cisco.inf.unideb.hu\/index.php?rest_route=\/wp\/v2\/pages\/1618","targetHints":{"allow":["GET"]}}],"collection":[{"href":"https:\/\/cisco.inf.unideb.hu\/index.php?rest_route=\/wp\/v2\/pages"}],"about":[{"href":"https:\/\/cisco.inf.unideb.hu\/index.php?rest_route=\/wp\/v2\/types\/page"}],"author":[{"embeddable":true,"href":"https:\/\/cisco.inf.unideb.hu\/index.php?rest_route=\/wp\/v2\/users\/18974"}],"replies":[{"embeddable":true,"href":"https:\/\/cisco.inf.unideb.hu\/index.php?rest_route=%2Fwp%2Fv2%2Fcomments&post=1618"}],"version-history":[{"count":4,"href":"https:\/\/cisco.inf.unideb.hu\/index.php?rest_route=\/wp\/v2\/pages\/1618\/revisions"}],"predecessor-version":[{"id":1658,"href":"https:\/\/cisco.inf.unideb.hu\/index.php?rest_route=\/wp\/v2\/pages\/1618\/revisions\/1658"}],"wp:attachment":[{"href":"https:\/\/cisco.inf.unideb.hu\/index.php?rest_route=%2Fwp%2Fv2%2Fmedia&parent=1618"}],"curies":[{"name":"wp","href":"https:\/\/api.w.org\/{rel}","templated":true}]}}