{"id":1502,"date":"2024-11-17T20:13:38","date_gmt":"2024-11-17T20:13:38","guid":{"rendered":"https:\/\/cisco.inf.unideb.hu\/?page_id=1502"},"modified":"2024-11-22T15:57:22","modified_gmt":"2024-11-22T14:57:22","slug":"kurzusok","status":"publish","type":"page","link":"https:\/\/cisco.inf.unideb.hu\/?page_id=1502","title":{"rendered":"Kurzusok"},"content":{"rendered":"\n<p>Jelenleg az al\u00e1bbi kurzusok ker\u00fclnek rendszeresen meghirdet\u00e9sre. A teljes kurzuslista a <strong><a href=\"https:\/\/www.netacad.com\/catalogs\/learn\/networking?category=course\">Cisco H\u00e1l\u00f3zati Akad\u00e9mia<\/a><\/strong> hivatalos honlapj\u00e1n \u00e9rhet\u0151 el.<\/p>\n\n\n\n<div id=\"wp-block-themeisle-blocks-advanced-columns-b4146d26\" class=\"wp-block-themeisle-blocks-advanced-columns alignfull has-3-columns has-desktop-equal-layout has-tablet-equal-layout has-mobile-collapsedRows-layout has-vertical-center ticss-c00aadba\"><div class=\"wp-block-themeisle-blocks-advanced-columns-overlay\"><\/div><div class=\"innerblocks-wrap\">\n<div id=\"wp-block-themeisle-blocks-advanced-column-18fe4a0a\" class=\"wp-block-themeisle-blocks-advanced-column\"><div class=\"wp-block-image is-style-rounded\">\n<figure class=\"aligncenter size-full is-resized\"><a href=\"https:\/\/cisco.inf.unideb.hu\/?page_id=26\"><img loading=\"lazy\" decoding=\"async\" width=\"600\" height=\"600\" src=\"https:\/\/cisco.inf.unideb.hu\/wp-content\/uploads\/2024\/11\/CCNA_ITN-edited.png\" alt=\"\" class=\"wp-image-1578\" style=\"width:121px;height:auto\" srcset=\"https:\/\/cisco.inf.unideb.hu\/wp-content\/uploads\/2024\/11\/CCNA_ITN-edited.png 600w, https:\/\/cisco.inf.unideb.hu\/wp-content\/uploads\/2024\/11\/CCNA_ITN-edited-300x300.png 300w, https:\/\/cisco.inf.unideb.hu\/wp-content\/uploads\/2024\/11\/CCNA_ITN-edited-150x150.png 150w\" sizes=\"auto, (max-width: 600px) 100vw, 600px\" \/><\/a><\/figure>\n<\/div>\n\n\n<h4 id=\"wp-block-themeisle-blocks-advanced-heading-788243ec\" class=\"wp-block-themeisle-blocks-advanced-heading wp-block-themeisle-blocks-advanced-heading-788243ec\">CCNA: Bevezet\u00e9s a h\u00e1l\u00f3zatok vil\u00e1g\u00e1ba<\/h4>\n\n\n\n<p class=\"has-text-align-center\">A h\u00e1rom tanfolyamb\u00f3l \u00e1ll\u00f3 sorozat els\u0151 r\u00e9sze a h\u00e1l\u00f3zati k\u00e9szs\u00e9gek fejleszt\u00e9s\u00e9hez, valamint a CCNA-tan\u00fas\u00edtv\u00e1ny megszerz\u00e9s\u00e9hez \u00e9s a bel\u00e9p\u0151 szint\u0171 \u00e1ll\u00e1sokra val\u00f3 felk\u00e9sz\u00fcl\u00e9shez ny\u00fajt seg\u00edts\u00e9get.<\/p>\n\n\n\n<div class=\"wp-block-buttons is-vertical is-content-justification-center is-layout-flex wp-container-core-buttons-is-layout-cc3cdef1 wp-block-buttons-is-layout-flex\">\n<div class=\"wp-block-button has-custom-width wp-block-button__width-100 is-style-primary\"><a class=\"wp-block-button__link wp-element-button\" href=\"https:\/\/cisco.inf.unideb.hu\/?page_id=26\">B\u0151vebben<\/a><\/div>\n<\/div>\n<\/div>\n\n\n\n<div id=\"wp-block-themeisle-blocks-advanced-column-b86925fa\" class=\"wp-block-themeisle-blocks-advanced-column\"><div class=\"wp-block-image is-style-rounded\">\n<figure class=\"aligncenter size-full is-resized\"><a href=\"https:\/\/cisco.inf.unideb.hu\/?page_id=1616\"><img loading=\"lazy\" decoding=\"async\" width=\"600\" height=\"600\" src=\"https:\/\/cisco.inf.unideb.hu\/wp-content\/uploads\/2024\/11\/CCNA_SRWE-edited.png\" alt=\"\" class=\"wp-image-1584\" style=\"width:125px;height:auto\" srcset=\"https:\/\/cisco.inf.unideb.hu\/wp-content\/uploads\/2024\/11\/CCNA_SRWE-edited.png 600w, https:\/\/cisco.inf.unideb.hu\/wp-content\/uploads\/2024\/11\/CCNA_SRWE-edited-300x300.png 300w, https:\/\/cisco.inf.unideb.hu\/wp-content\/uploads\/2024\/11\/CCNA_SRWE-edited-150x150.png 150w\" sizes=\"auto, (max-width: 600px) 100vw, 600px\" \/><\/a><\/figure>\n<\/div>\n\n\n<h4 id=\"wp-block-themeisle-blocks-advanced-heading-77194bee\" class=\"wp-block-themeisle-blocks-advanced-heading wp-block-themeisle-blocks-advanced-heading-77194bee\">CCNA: Kapcsol\u00e1s, forgalomir\u00e1ny\u00edt\u00e1s \u00e9s vezet\u00e9kn\u00e9lk\u00fcli h\u00e1l\u00f3zatok<\/h4>\n\n\n\n<p class=\"has-text-align-center\">A h\u00e1rom tanfolyamb\u00f3l \u00e1ll\u00f3 sorozat m\u00e1sodik r\u00e9sze a h\u00e1l\u00f3zati k\u00e9szs\u00e9gek fejleszt\u00e9s\u00e9hez, a CCNA-tan\u00fas\u00edtv\u00e1ny megszerz\u00e9s\u00e9hez \u00e9s a bel\u00e9p\u0151 szint\u0171 \u00e1ll\u00e1sokra val\u00f3 felk\u00e9sz\u00fcl\u00e9shez ny\u00fajt seg\u00edts\u00e9get.<\/p>\n\n\n\n<div class=\"wp-block-buttons is-vertical is-content-justification-center is-layout-flex wp-container-core-buttons-is-layout-cc3cdef1 wp-block-buttons-is-layout-flex\">\n<div class=\"wp-block-button has-custom-width wp-block-button__width-100 is-style-primary\"><a class=\"wp-block-button__link wp-element-button\" href=\"https:\/\/cisco.inf.unideb.hu\/?page_id=1616\">B\u0151vebben<\/a><\/div>\n<\/div>\n<\/div>\n\n\n\n<div id=\"wp-block-themeisle-blocks-advanced-column-d194c3b0\" class=\"wp-block-themeisle-blocks-advanced-column\"><div class=\"wp-block-image is-style-rounded\">\n<figure class=\"aligncenter size-full is-resized\"><a href=\"https:\/\/cisco.inf.unideb.hu\/?page_id=1618\"><img loading=\"lazy\" decoding=\"async\" width=\"600\" height=\"600\" src=\"https:\/\/cisco.inf.unideb.hu\/wp-content\/uploads\/2024\/11\/CCNA_ENSA-edited.png\" alt=\"\" class=\"wp-image-1589\" style=\"width:121px;height:auto\" srcset=\"https:\/\/cisco.inf.unideb.hu\/wp-content\/uploads\/2024\/11\/CCNA_ENSA-edited.png 600w, https:\/\/cisco.inf.unideb.hu\/wp-content\/uploads\/2024\/11\/CCNA_ENSA-edited-300x300.png 300w, https:\/\/cisco.inf.unideb.hu\/wp-content\/uploads\/2024\/11\/CCNA_ENSA-edited-150x150.png 150w\" sizes=\"auto, (max-width: 600px) 100vw, 600px\" \/><\/a><\/figure>\n<\/div>\n\n\n<h4 id=\"wp-block-themeisle-blocks-advanced-heading-9d66dcad\" class=\"wp-block-themeisle-blocks-advanced-heading wp-block-themeisle-blocks-advanced-heading-9d66dcad\">CCNA: V\u00e1llalati h\u00e1l\u00f3zatok, biztons\u00e1g \u00e9s automatiz\u00e1l\u00e1s<\/h4>\n\n\n\n<p class=\"has-text-align-center\">A h\u00e1rom tanfolyamb\u00f3l \u00e1ll\u00f3 sorozat harmadik r\u00e9sze a h\u00e1l\u00f3zati k\u00e9szs\u00e9gek fejleszt\u00e9s\u00e9hez, valamint a CCNA-tan\u00fas\u00edtv\u00e1ny megszerz\u00e9s\u00e9hez \u00e9s a bel\u00e9p\u0151 szint\u0171 \u00e1ll\u00e1sokra val\u00f3 felk\u00e9sz\u00fcl\u00e9shez ny\u00fajt seg\u00edts\u00e9get.<\/p>\n\n\n\n<div class=\"wp-block-buttons is-vertical is-content-justification-center is-layout-flex wp-container-core-buttons-is-layout-cc3cdef1 wp-block-buttons-is-layout-flex\">\n<div class=\"wp-block-button has-custom-width wp-block-button__width-100 is-style-primary\"><a class=\"wp-block-button__link wp-element-button\" href=\"https:\/\/cisco.inf.unideb.hu\/?page_id=1618\">B\u0151vebben<\/a><\/div>\n<\/div>\n<\/div>\n<\/div><\/div>\n\n\n\n<div id=\"wp-block-themeisle-blocks-advanced-columns-fb8bc941\" class=\"wp-block-themeisle-blocks-advanced-columns alignfull has-3-columns has-desktop-equal-layout has-tablet-equal-layout has-mobile-collapsedRows-layout has-vertical-center ticss-c00aadba\"><div class=\"wp-block-themeisle-blocks-advanced-columns-overlay\"><\/div><div class=\"innerblocks-wrap\">\n<div id=\"wp-block-themeisle-blocks-advanced-column-9617fa06\" class=\"wp-block-themeisle-blocks-advanced-column\"><div class=\"wp-block-image is-style-rounded\">\n<figure class=\"aligncenter size-full is-resized\"><a href=\"https:\/\/cisco.inf.unideb.hu\/?page_id=1622\"><img loading=\"lazy\" decoding=\"async\" width=\"600\" height=\"600\" src=\"https:\/\/cisco.inf.unideb.hu\/wp-content\/uploads\/2024\/11\/CCNP_ENT_CN-edited.png\" alt=\"\" class=\"wp-image-1606\" style=\"width:111px;height:auto\" srcset=\"https:\/\/cisco.inf.unideb.hu\/wp-content\/uploads\/2024\/11\/CCNP_ENT_CN-edited.png 600w, https:\/\/cisco.inf.unideb.hu\/wp-content\/uploads\/2024\/11\/CCNP_ENT_CN-edited-300x300.png 300w, https:\/\/cisco.inf.unideb.hu\/wp-content\/uploads\/2024\/11\/CCNP_ENT_CN-edited-150x150.png 150w\" sizes=\"auto, (max-width: 600px) 100vw, 600px\" \/><\/a><\/figure>\n<\/div>\n\n\n<h4 id=\"wp-block-themeisle-blocks-advanced-heading-6804c438\" class=\"wp-block-themeisle-blocks-advanced-heading wp-block-themeisle-blocks-advanced-heading-6804c438\">CCNP Enterprise: Core Networking<\/h4>\n\n\n\n<p class=\"has-text-align-center\">The first in a two-course series to build expertise in networking and prepare for CCNP certification and professional-level jobs.<\/p>\n\n\n\n<div class=\"wp-block-buttons is-vertical is-content-justification-center is-layout-flex wp-container-core-buttons-is-layout-cc3cdef1 wp-block-buttons-is-layout-flex\">\n<div class=\"wp-block-button has-custom-width wp-block-button__width-100 is-style-primary\"><a class=\"wp-block-button__link wp-element-button\" href=\"https:\/\/cisco.inf.unideb.hu\/?page_id=1622\">B\u0151vebben<\/a><\/div>\n<\/div>\n<\/div>\n\n\n\n<div id=\"wp-block-themeisle-blocks-advanced-column-d5a75299\" class=\"wp-block-themeisle-blocks-advanced-column\"><div class=\"wp-block-image is-style-rounded\">\n<figure class=\"aligncenter size-full is-resized\"><a href=\"https:\/\/cisco.inf.unideb.hu\/?page_id=1625\"><img loading=\"lazy\" decoding=\"async\" width=\"338\" height=\"338\" src=\"https:\/\/cisco.inf.unideb.hu\/wp-content\/uploads\/2024\/11\/CCNP_ENT_AR-edited.png\" alt=\"\" class=\"wp-image-1608\" style=\"width:116px;height:auto\" srcset=\"https:\/\/cisco.inf.unideb.hu\/wp-content\/uploads\/2024\/11\/CCNP_ENT_AR-edited.png 338w, https:\/\/cisco.inf.unideb.hu\/wp-content\/uploads\/2024\/11\/CCNP_ENT_AR-edited-300x300.png 300w, https:\/\/cisco.inf.unideb.hu\/wp-content\/uploads\/2024\/11\/CCNP_ENT_AR-edited-150x150.png 150w\" sizes=\"auto, (max-width: 338px) 100vw, 338px\" \/><\/a><\/figure>\n<\/div>\n\n\n<h4 id=\"wp-block-themeisle-blocks-advanced-heading-9bfdd380\" class=\"wp-block-themeisle-blocks-advanced-heading wp-block-themeisle-blocks-advanced-heading-9bfdd380\">CCNP Enterprise: Advanced Routing<\/h4>\n\n\n\n<p class=\"has-text-align-center\">The second in a two-course series that prepares you for CCNP certification and professional-level networking jobs.<\/p>\n\n\n\n<div class=\"wp-block-buttons is-vertical is-content-justification-center is-layout-flex wp-container-core-buttons-is-layout-cc3cdef1 wp-block-buttons-is-layout-flex\">\n<div class=\"wp-block-button has-custom-width wp-block-button__width-100 is-style-primary\"><a class=\"wp-block-button__link wp-element-button\" href=\"https:\/\/cisco.inf.unideb.hu\/?page_id=1625\">B\u0151vebben<\/a><\/div>\n<\/div>\n<\/div>\n\n\n\n<div id=\"wp-block-themeisle-blocks-advanced-column-726945b5\" class=\"wp-block-themeisle-blocks-advanced-column\"><div class=\"wp-block-image is-style-rounded\">\n<figure class=\"aligncenter size-full is-resized\"><a href=\"https:\/\/cisco.inf.unideb.hu\/?page_id=1666\"><img loading=\"lazy\" decoding=\"async\" width=\"689\" height=\"689\" src=\"https:\/\/cisco.inf.unideb.hu\/wp-content\/uploads\/2024\/11\/IoT-edited.png\" alt=\"\" class=\"wp-image-1661\" style=\"width:91px;height:auto\" srcset=\"https:\/\/cisco.inf.unideb.hu\/wp-content\/uploads\/2024\/11\/IoT-edited.png 689w, https:\/\/cisco.inf.unideb.hu\/wp-content\/uploads\/2024\/11\/IoT-edited-300x300.png 300w, https:\/\/cisco.inf.unideb.hu\/wp-content\/uploads\/2024\/11\/IoT-edited-150x150.png 150w\" sizes=\"auto, (max-width: 689px) 100vw, 689px\" \/><\/a><\/figure>\n<\/div>\n\n\n<h4 id=\"wp-block-themeisle-blocks-advanced-heading-a7f90584\" class=\"wp-block-themeisle-blocks-advanced-heading wp-block-themeisle-blocks-advanced-heading-a7f90584\">Bevezet\u00e9s az IoT \u00e9s a digit\u00e1lis \u00e1talakul\u00e1s vil\u00e1g\u00e1ba<\/h4>\n\n\n\n<p class=\"has-text-align-center\">Eszk\u00f6z\u00f6k milli\u00e1rdjai csatlakoznak naponta a h\u00e1l\u00f3zathoz. Fedezd fel, hogy az IoT hogyan alak\u00edtja \u00e1t a digit\u00e1lis vil\u00e1got \u00e9s hoz l\u00e9tre izgalmas \u00faj munkalehet\u0151s\u00e9geket.<\/p>\n\n\n\n<div class=\"wp-block-buttons is-vertical is-content-justification-center is-layout-flex wp-container-core-buttons-is-layout-cc3cdef1 wp-block-buttons-is-layout-flex\">\n<div class=\"wp-block-button has-custom-width wp-block-button__width-100 is-style-primary\"><a class=\"wp-block-button__link wp-element-button\" href=\"https:\/\/cisco.inf.unideb.hu\/?page_id=1666\">B\u0151vebben<\/a><\/div>\n<\/div>\n<\/div>\n<\/div><\/div>\n\n\n\n<div id=\"wp-block-themeisle-blocks-advanced-columns-a5ad7517\" class=\"wp-block-themeisle-blocks-advanced-columns alignfull has-2-columns has-desktop-equal-layout has-tablet-equal-layout has-mobile-collapsedRows-layout has-vertical-center ticss-c00aadba\"><div class=\"wp-block-themeisle-blocks-advanced-columns-overlay\"><\/div><div class=\"innerblocks-wrap\">\n<div id=\"wp-block-themeisle-blocks-advanced-column-1363511d\" class=\"wp-block-themeisle-blocks-advanced-column\"><div class=\"wp-block-image is-style-rounded\">\n<figure class=\"aligncenter size-full is-resized\"><a href=\"https:\/\/cisco.inf.unideb.hu\/?page_id=1680\"><img loading=\"lazy\" decoding=\"async\" width=\"600\" height=\"600\" src=\"https:\/\/cisco.inf.unideb.hu\/wp-content\/uploads\/2024\/11\/Linux-edited.png\" alt=\"\" class=\"wp-image-1678\" style=\"width:115px;height:auto\" srcset=\"https:\/\/cisco.inf.unideb.hu\/wp-content\/uploads\/2024\/11\/Linux-edited.png 600w, https:\/\/cisco.inf.unideb.hu\/wp-content\/uploads\/2024\/11\/Linux-edited-300x300.png 300w, https:\/\/cisco.inf.unideb.hu\/wp-content\/uploads\/2024\/11\/Linux-edited-150x150.png 150w\" sizes=\"auto, (max-width: 600px) 100vw, 600px\" \/><\/a><\/figure>\n<\/div>\n\n\n<h4 id=\"wp-block-themeisle-blocks-advanced-heading-63270136\" class=\"wp-block-themeisle-blocks-advanced-heading wp-block-themeisle-blocks-advanced-heading-63270136\">Linux Essentials<\/h4>\n\n\n\n<p class=\"has-text-align-center\">Build foundational Linux skills and prepare for the Linux Essentials certificate exam from Linux Professional Institute.<\/p>\n\n\n\n<div class=\"wp-block-buttons is-vertical is-content-justification-center is-layout-flex wp-container-core-buttons-is-layout-cc3cdef1 wp-block-buttons-is-layout-flex\">\n<div class=\"wp-block-button has-custom-width wp-block-button__width-100 is-style-primary\"><a class=\"wp-block-button__link wp-element-button\" href=\"https:\/\/cisco.inf.unideb.hu\/?page_id=1680\">B\u0151vebben<\/a><\/div>\n<\/div>\n<\/div>\n\n\n\n<div id=\"wp-block-themeisle-blocks-advanced-column-95a7aaa2\" class=\"wp-block-themeisle-blocks-advanced-column\"><div class=\"wp-block-image is-style-rounded\">\n<figure class=\"aligncenter size-full is-resized\"><a href=\"https:\/\/cisco.inf.unideb.hu\/?page_id=1694\"><img loading=\"lazy\" decoding=\"async\" width=\"99\" height=\"99\" src=\"https:\/\/cisco.inf.unideb.hu\/wp-content\/uploads\/2024\/11\/C-edited.png\" alt=\"\" class=\"wp-image-1689\" style=\"width:67px;height:auto\"\/><\/a><\/figure>\n<\/div>\n\n\n<h4 id=\"wp-block-themeisle-blocks-advanced-heading-32fc5173\" class=\"wp-block-themeisle-blocks-advanced-heading wp-block-themeisle-blocks-advanced-heading-32fc5173\">Programming Essentials in C<\/h4>\n\n\n\n<p class=\"has-text-align-center\">Covers the basics of programming in the C programming language and touches on fundamental programming techniques, customs and vocabulary, including the most common library functions and the usage of the pre-processor.<\/p>\n\n\n\n<div class=\"wp-block-buttons is-vertical is-content-justification-center is-layout-flex wp-container-core-buttons-is-layout-cc3cdef1 wp-block-buttons-is-layout-flex\">\n<div class=\"wp-block-button has-custom-width wp-block-button__width-100 is-style-primary\"><a class=\"wp-block-button__link wp-element-button\" href=\"https:\/\/cisco.inf.unideb.hu\/?page_id=1694\">B\u0151vebben<\/a><\/div>\n<\/div>\n<\/div>\n<\/div><\/div>\n\n\n\n<p><\/p>\n","protected":false},"excerpt":{"rendered":"<p>Jelenleg az al\u00e1bbi kurzusok ker\u00fclnek rendszeresen meghirdet\u00e9sre. A teljes kurzuslista a Cisco H\u00e1l\u00f3zati Akad\u00e9mia hivatalos honlapj\u00e1n \u00e9rhet\u0151 el.<\/p>\n","protected":false},"author":18974,"featured_media":0,"parent":0,"menu_order":0,"comment_status":"closed","ping_status":"closed","template":"template-fullwidth.php","meta":{"_themeisle_gutenberg_block_has_review":false,"footnotes":""},"class_list":["post-1502","page","type-page","status-publish","hentry"],"_links":{"self":[{"href":"https:\/\/cisco.inf.unideb.hu\/index.php?rest_route=\/wp\/v2\/pages\/1502","targetHints":{"allow":["GET"]}}],"collection":[{"href":"https:\/\/cisco.inf.unideb.hu\/index.php?rest_route=\/wp\/v2\/pages"}],"about":[{"href":"https:\/\/cisco.inf.unideb.hu\/index.php?rest_route=\/wp\/v2\/types\/page"}],"author":[{"embeddable":true,"href":"https:\/\/cisco.inf.unideb.hu\/index.php?rest_route=\/wp\/v2\/users\/18974"}],"replies":[{"embeddable":true,"href":"https:\/\/cisco.inf.unideb.hu\/index.php?rest_route=%2Fwp%2Fv2%2Fcomments&post=1502"}],"version-history":[{"count":52,"href":"https:\/\/cisco.inf.unideb.hu\/index.php?rest_route=\/wp\/v2\/pages\/1502\/revisions"}],"predecessor-version":[{"id":1696,"href":"https:\/\/cisco.inf.unideb.hu\/index.php?rest_route=\/wp\/v2\/pages\/1502\/revisions\/1696"}],"wp:attachment":[{"href":"https:\/\/cisco.inf.unideb.hu\/index.php?rest_route=%2Fwp%2Fv2%2Fmedia&parent=1502"}],"curies":[{"name":"wp","href":"https:\/\/api.w.org\/{rel}","templated":true}]}}